107
Suppose 11*z - 16*z + 78760 = 4*u, -4*z + 63009 = 3*u. List the prime factors of z.
2, 3, 13, 101
List the prime factors of ((-14942)/186)/(8890/1482 + -6).
13, 19, 241
Let z(x) = -14*x + 1304. Let l be z(0). Suppose 34*t - 32*t = l. What are the prime factors of t?
2, 163
Let v = 6 - 8. List the prime factors of (-1155)/(-7 - v) - 7.
2, 7
Let o(g) = -g**2 - g. Let h(p) = -p**3 - 2*p**2 + 7*p + 13. Let z(j) = -h(j) - 5*o(j). What are the prime factors of z(5)?
277
Let i(y) = -y**2 - 10*y - 14. Let q be i(-7). Suppose 1980 = q*l - l. What are the prime factors of l?
2, 3, 5, 11
Suppose -27*n + 89383 + 186692 = 0. List the prime factors of n.
5, 409
Suppose 0 = -512*j + 505*j - 63. What are the prime factors of ((-2328)/(-42))/(-2)*(j + 2)?
2, 97
Let j(f) = 10*f + 41. Let x be j(6). Let n = 329 - x. Suppose -3*v + 4*l = -n, 8*v + 2*l = 3*v + 380. What are the prime factors of v?
2, 19
Suppose -28398 = -5*u + 2*b, -4*u = 376*b - 380*b - 22704. List the prime factors of u.
2, 3, 947
Let d(j) = 243*j**2 + 200*j - 2954. What are the prime factors of d(13)?
3, 41, 331
Let a = 48780 - 22039. What are the prime factors of a?
11, 13, 17
Let o = -30613 + 78763. What are the prime factors of o?
2, 3, 5, 107
Suppose -37 = 2*l - 4*i - 21, l - 4 = -i. List the prime factors of 31172/24 + l + 3/18.
3, 433
Let v(d) = 4*d**3 + d**2 + d - 1. Let g = 23 + -22. Let b be v(g). Suppose -w = b*c - 37, 0 = -5*w + 2*w + c + 79. List the prime factors of w.
3
Let w(n) = -n**3 - 8*n**2 + 10*n + 12. Let x be w(-9). Let p be 0*11/22*2/x. Suppose p = 2*m - 0*s - 3*s - 222, -4*m = -4*s - 448. List the prime factors of m.
2, 3, 19
Let b = -6952 + 7301. List the prime factors of b.
349
Let h(w) = 2072*w + 370. What are the prime factors of h(36)?
2, 37, 1013
Let i = 60 + -55. Suppose -3*q - 13 = 2*p, i*q - 6*p + 4*p + 11 = 0. List the prime factors of 2/(-6) + 0 + (-181)/q.
2, 3, 5
Let r(w) = 67*w**2 + 12*w - 348. List the prime factors of r(-23).
34819
Let m be 1/(1/476*7). List the prime factors of (-3239)/(-9) + 2 + m/(-36).
2, 3, 5
Suppose 2*n + 5*s - 3 = -0*n, -5*s = -5*n + 25. Suppose -3*l + 70 = -38. Suppose -d - 185 - l = -5*i, -3*i + n*d + 119 = 0. List the prime factors of i.
3, 5
List the prime factors of (-1278308)/(-40) + 33/110.
2, 19, 29
List the prime factors of ((-41 - -34) + 4604*1)*10/2.
5, 4597
Suppose -15254 = -16*c + 14*c + 5*a, -18 = 3*a. List the prime factors of c.
2, 11, 173
Suppose w + m = 35856, 49*m - 107573 = -3*w + 47*m. List the prime factors of w.
7, 47, 109
Let l = -452 + 454. What are the prime factors of l - 15/((-75)/4780)?
2, 479
Let x(f) = -299*f**2 + 15 - 8*f + 0*f + 314*f**2. What are the prime factors of x(4)?
223
Suppose 0 = 3*s - 6*m - 117350 - 52099, 32 = -4*m. What are the prime factors of s?
56467
Suppose -3*r + 1008 = 72. Let m = -100 + r. List the prime factors of m.
2, 53
Suppose 105 = 75*d - 70*d. Suppose d*v - 709 = 4562. What are the prime factors of v?
251
Let m(v) = 68*v**2 + 11*v - 2105*v**3 - 72*v**2 + 2107*v**3 - 7. Let j be (0 + -5)/(-2 + 1). What are the prime factors of m(j)?
2, 3, 11
Let u(c) = 6765*c - 424. What are the prime factors of u(3)?
31, 641
Suppose -4*i = 3*c + 7 - 35, 4*c - 4 = 3*i. Suppose 10*v - i*v = 4434. List the prime factors of v.
739
Let b(x) = x**2 + 47*x - 48. Let r be b(-37). Let v = r - -887. What are the prime factors of v?
7, 67
Let g be ((-1)/(-4))/(0 - (-5)/20). Suppose -v + 3 + g = 0. Suppose -5*x + 100 + 61 = v*n, 2*x - 2*n - 68 = 0. List the prime factors of x.
3, 11
Let g = 1301 - -1390. Suppose 8*a = -a + g. List the prime factors of a.
13, 23
Let g(z) = z**2 + 4*z - 20. Let q be g(-9). Let v = -10 + q. Suppose -v = -f - 4. What are the prime factors of f?
11
Let s(m) = -495*m + 283. List the prime factors of s(-12).
7, 127
Let h(o) = 23*o - 112. Let j(y) = -8*y - 63. Let n be j(-11). List the prime factors of h(n).
463
List the prime factors of (18 - 20)/((-2)/595) + -4.
3, 197
Let k(l) be the second derivative of 361*l**5/20 + l**4/12 + 2*l + 13. What are the prime factors of k(1)?
2, 181
Let w(l) = -l**3 + 12*l**2 - 24*l + 47. Let u be w(10). Suppose -1533 = -u*b + 5306. What are the prime factors of b?
977
List the prime factors of (-2)/9 + 197217/1377.
11, 13
Let d be 23/(-92) - (-2306)/8. Suppose -j - 3 = -2*c + d, 4*c - 5*j = 573. Let l = c + -55. List the prime factors of l.
2, 23
Suppose 11*u = -1139 + 4769. Suppose 2*m = -6*v + v + 178, -3*v = -4*m + u. Let b = m - 31. List the prime factors of b.
53
Let d be (-32)/(-48)*(-3)/2. List the prime factors of 6035/10 + -2*d/4.
2, 151
Let a(y) = -y**3 + 7*y**2 - 9*y. Let k be a(4). Suppose 3*g - k = 3. Suppose -2*z = -4*h + 368, 0*h - g*h + 3*z = -462. What are the prime factors of h?
2, 3, 5
Let a = 27 - 42. Let w = 176 - 96. What are the prime factors of 9/(-2)*w/a?
2, 3
Let d(c) = -672*c + 545. List the prime factors of d(-14).
37, 269
Let n = 458 - -434. What are the prime factors of n?
2, 223
Let h be (3 + -25 - -1) + -2. Let o = h + 374. Let w = -243 + o. List the prime factors of w.
2, 3
Suppose 19*t + 3*m = 20*t - 12927, -6 = -2*m. What are the prime factors of t?
2, 3, 7, 11
Let k be 1 - ((-217566)/30 + (-16)/20). Suppose d - k = -5*n - 587, n - 1325 = 4*d. List the prime factors of n.
31, 43
Let q(x) be the first derivative of 121*x**3/3 + x**2/2 - 2*x + 5. Let i be q(1). Suppose 5*z - z - i = 4*p, 4*z - p = 108. List the prime factors of z.
2, 13
Suppose 0 = -96*h + 89*h + 2520. Let u = h + -203. List the prime factors of u.
157
Let o(p) = -30*p + 9. Let n be o(-8). Let b(l) = -8*l - 38. Let v be b(14). Let t = n + v. List the prime factors of t.
3, 11
List the prime factors of (-10)/(-5) - (-33)/(-6) - 236582/(-4).
2, 3, 9857
Let k(c) = 266*c + 73. Let d be k(-9). What are the prime factors of ((-8)/2)/(44/d)?
211
Let v(w) = 13*w + 108. Let s be v(-8). Suppose -s*t - 2*n = -1686, -4*t + 41*n - 42*n = -1681. What are the prime factors of t?
419
Let m(j) = -43*j**2 - 6*j + 10. Let t be m(9). What are the prime factors of (-4)/(-18)*-3 - t/3?
5, 47
Suppose 0 = -258*t + 226*t + 832. Suppose o = 2, 0 = n - 4*n - o + 230. Let g = t + n. List the prime factors of g.
2, 3, 17
Let g = -30126 - -51186. List the prime factors of g.
2, 3, 5, 13
Suppose l + 95 = 2*l - 5*w, 3*w = -3*l + 213. List the prime factors of ((l - 4)*-3)/((-18)/42).
7, 71
Let w(k) = -128*k + 10. Let y be -5 + 21/4 + (-33)/4. What are the prime factors of w(y)?
2, 11, 47
Let k be 2 + -3 + 2 - (3 + -4). Let b(j) = 157*j**k - 5*j - 5 - 80*j**2 + 111*j**2. List the prime factors of b(-1).
2, 47
Let s(t) = t**2 + 57*t - 828. What are the prime factors of s(56)?
2, 5, 11
List the prime factors of (-359)/(-2)*(532 + -120).
2, 103, 359
Suppose 0 = 3*h, 5*h = -l + 1230 - 156. Let g = l - 41. List the prime factors of g.
1033
Let u be (4*7/(-28))/(3/12). Let b(m) = -228*m - 67. List the prime factors of b(u).
5, 13
Suppose -c = -3*t + 33, 3*t + 12 - 3 = 0. Let m = c - -308. List the prime factors of m.
2, 7, 19
Let r(j) = -4*j + 8. Let s(b) = 3*b - 8. Let y(d) = -4*r(d) - 3*s(d). Let i be y(2). Suppose 4*p = -2*q - 27 + 111, -2*p = i. List the prime factors of q.
2, 3
Suppose -159 = -4*l + c, 4*l - l - 4*c = 129. Let j be 6/l - (-81748)/(-26). List the prime factors of 1/5 - 1 - j/30.
2, 13
Let q be (-3956)/(-7) - ((-65)/35 + 2). Suppose -123 - 327 = -3*m + 3*u, 4*m = -3*u + q. What are the prime factors of m?
5, 29
What are the prime factors of -1 + 11*(0 + 824)?
3, 19, 53
Let d(g) be the second derivative of g**5/40 - g**4/12 + 8*g**3/3 + 18*g. Let h(a) be the second derivative of d(a). List the prime factors of h(12).
2, 17
Let f be (-8)/(-12)*(-4)/((-16)/(-18)). Let v be f/((-66)/(-4)) - (-18354)/33. Suppose 23*j - v = 19*j. What are the prime factors of j?
139
Suppose 2529 = 28*u - 16875. What are the prime factors of u?
3, 7, 11
Suppose -5*j - 1333 = 717. Let v = -272 - j. Let c = v + -82. List the prime factors of c.
2, 7
Let n(o) = 2*o**3 + 2 - 11*o + 136*o**2 - 113*o**2 - 25. List the prime factors of n(-10).
3, 43
Let z = 12268 + -9870. List the prime factors of z.
2, 11, 109
Let s = -23 + 7. Let g be 48 - (-4)/s*2*2. Let v = g + 85. List the prime factors of v.
2, 3, 11
Let t(s) = 28*s**2 - 52*s + 7. Let a be t(2). Let k be (2/(-3))/((-2)/33). Su